{"id":429,"date":"2018-04-28T15:03:14","date_gmt":"2018-04-28T20:03:14","guid":{"rendered":"https:\/\/sociedadsanvicentesantarosa.org\/?page_id=429"},"modified":"2018-07-16T14:10:41","modified_gmt":"2018-07-16T19:10:41","slug":"nosotros","status":"publish","type":"page","link":"https:\/\/sociedadsanvicentesantarosa.org\/?page_id=429","title":{"rendered":"Nosotros"},"content":{"rendered":"<p><section class=\"kc-elm kc-css-903786 kc_row\"><div class=\"kc-row-container  kc-container\"><div class=\"kc-wrap-columns\"><div class=\"kc-elm kc-css-94278 kc_column kc_col-sm-12\"><div class=\"kc-col-container\"><div class=\"kc-elm kc-css-483122 kc-animated kc-animate-eff-fadeIn kc_text_block\"><\/p>\n<p style=\"text-align: justify;\"><span style=\"font-weight: 400;\">El primer presidente de la Sociedad San Vicente de Pa\u00fal y benefactor hasta el d\u00eda de su\u00a0<\/span><span style=\"font-style: inherit; text-align: justify;\">muerte el Sr LUIS MAR\u00cdA MEJ\u00cdA JARAMILLO. Oriundo de la Ceja (Antioquia), residente de esta localidad, con su consigna de hacer el bien y ayudar a los m\u00e1s desprotegidos de Santa Rosa de Cabal, se reuni\u00f3 con varias personalidades entre ellos los sacerdote vicentinos, encabezados por FRANCISCO A HERN\u00c1NDEZ, para este entonces rector de la escuela apost\u00f3lica que junto con el Sr JOS\u00c9 VILLANUEVA Z. se pusieron en la tarea de fundar la Sociedad San Vicente de Pa\u00fal en el segundo semestre del a\u00f1o 1907.<\/span><\/p>\n<p style=\"text-align: justify;\"><span style=\"font-weight: 400;\">Con el transcurrir del tiempo la Sociedad fue adquiriendo lotes y solares con el objeto de construir viviendas para las familias m\u00e1s necesitadas, con ayuda de convites que se realizaban los d\u00edas jueves se sac\u00f3 adelante este proyecto.<\/span><\/p>\n<p style=\"text-align: justify;\"><span style=\"font-weight: 400;\">Se escogieron como promotores y pioneros de diferentes actividades de recolecci\u00f3n de fondos entre las que se destacan la rifa de una vaca (donada por los comerciantes y benefactores) a los Sr LUIS MEJ\u00cdA Y AL DR. JAIME ISAZA.<\/span><\/p>\n<p><img loading=\"lazy\" decoding=\"async\" class=\"alignleft\" src=\"https:\/\/sociedadsanvicentesantarosa.org\/wp-content\/uploads\/2018\/05\/fundadora.jpg\" alt=\"FUNDADORA\" width=\"173\" height=\"276\" \/><\/p>\n<p style=\"text-align: justify;\"><span style=\"font-weight: 400;\">A principios de la d\u00e9cada de los 80 el municipio contaba solo con un Albergue para adultos mayores el cual era administrado por el Club de Leones, el sostenimiento era costoso y el n\u00famero de adultos mayores desamparados aumentaba cada d\u00eda m\u00e1s; la Sra. OLIVIA VEL\u00c1SQUEZ DE MURILLO preocupada por esta situaci\u00f3n de los adultos mayores, se propuso una meta: construir el albergue con el nombre de Sagrado Coraz\u00f3n de Jes\u00fas; para esto, se reuni\u00f3 con el Sr HERMENEGILDO MONTOYA Cari\u00f1osamente llamado \u201cGILDO\u201d, \u00a0en ese entonces presidente de la sociedad San Vicente de Pa\u00fal, se reunieron y convocaron personas para colaborar con esta linda labor, fue entonces como llamaron a las Se\u00f1oras ORFELINA GIRALDO, ROSA \u00c1NGEL DE FLORES, ROSALBA G\u00d3MEZ, FLOR ELISA MART\u00cdNEZ y el Sr PEDRO LUIS PULGARIN, todos ellos personas de reconocida honorabilidad, y otras caritativas ya fallecidas se empez\u00f3 la construcci\u00f3n con recursos propios de la sociedad y auxilios, se fueron constituyendo y fundando las conferencias.<\/span><\/p>\n<p style=\"text-align: justify;\"><span style=\"font-weight: 400;\">Despu\u00e9s de la primera que se fund\u00f3 en el a\u00f1o de 1909 con personer\u00eda jur\u00eddica No 870 con NIt 891.408283-3 llamada Santa Rosa de lima; posteriormente, por iniciativa de los mismos vicentinos, fueron fundando nuevas conferencias; San Pedro Claver 1977, Federico Ozanam 1985, Nuestra Se\u00f1ora de las Mercedes, El Divino Maestro 1983, Nuestra Se\u00f1ora del Monte Carmelo 1983 y la \u00faltima en constituirse la del Sagrado Coraz\u00f3n en el a\u00f1o de 1992.<\/span><\/p>\n<p style=\"text-align: justify;\"><span style=\"font-weight: 400;\">Despu\u00e9s de numerosos obst\u00e1culos y contratiempos se termin\u00f3 de construir el albergue, el cual se bautiz\u00f3 Albergue Sagrado Coraz\u00f3n de Jes\u00fas en el a\u00f1o de 1985. Convir<\/span>ti\u00e9ndose as\u00ed en la obra vicentina m\u00e1s importante por muchos a\u00f1os.<\/p>\n<p style=\"text-align: justify;\"><span style=\"font-weight: 400;\">Como directora se design\u00f3 a la Sra. OLIVIA VEL\u00c1SQU<\/span>EZ DE MURILLO; como reconocimiento a su tenacidad e incansable labor con los m\u00e1s necesitados, adultos mayores desprotegidos del municipio.<\/p>\n<p>\n<\/div><\/div><\/div><\/div><\/div><\/section><section class=\"kc-elm kc-css-369272 kc_row\"><div class=\"kc-row-container  kc-container\"><div class=\"kc-wrap-columns\"><div class=\"kc-elm kc-css-749500 kc_col-sm-12 kc_column kc_col-sm-12\"><div class=\"kc-col-container\"><div data-closeall=\"true\" class=\"kc-elm kc-css-456408 kc-animated kc-animate-eff-fadeInUp kc_accordion_wrapper\">\n    <h3 class=\"kc-accordion-title\">PRESIDENTES QUE HAN PASADO POR LA SOCIEDAD <\/h3>\n<div class=\"kc-elm kc-css-21650 kc_accordion_section group \"><h3 class=\"kc_accordion_header ui-accordion-header\"><span class=\"ui-accordion-header-icon ui-icon\"><\/span><a href=\"#hermenegildo-montoya\" data-prevent=\"scroll\"><i class=\"\"><\/i> HERMENEGILDO MONTOYA<\/a><\/h3><div class=\"kc_accordion_content ui-accordion-content kc_clearfix\"><div class=\"kc-panel-body\">Empty section. Edit page to add content here.<\/div><\/div><\/div><div class=\"kc-elm kc-css-449045 kc_accordion_section group \"><h3 class=\"kc_accordion_header ui-accordion-header\"><span class=\"ui-accordion-header-icon ui-icon\"><\/span><a href=\"#regina-rojas-salgado\" data-prevent=\"scroll\"><i class=\"\"><\/i> REGINA ROJAS SALGADO<\/a><\/h3><div class=\"kc_accordion_content ui-accordion-content kc_clearfix\"><div class=\"kc-panel-body\">Empty section. Edit page to add content here.<\/div><\/div><\/div><div class=\"kc-elm kc-css-198139 kc_accordion_section group \"><h3 class=\"kc_accordion_header ui-accordion-header\"><span class=\"ui-accordion-header-icon ui-icon\"><\/span><a href=\"#flor-elisa-martinez\" data-prevent=\"scroll\"><i class=\"\"><\/i> FLOR ELISA MART\u00cdNEZ<\/a><\/h3><div class=\"kc_accordion_content ui-accordion-content kc_clearfix\"><div class=\"kc-panel-body\">Empty section. Edit page to add content here.<\/div><\/div><\/div><div class=\"kc-elm kc-css-293542 kc_accordion_section group \"><h3 class=\"kc_accordion_header ui-accordion-header\"><span class=\"ui-accordion-header-icon ui-icon\"><\/span><a href=\"#carlos-andres-giraldo-buitrago\" data-prevent=\"scroll\"><i class=\"\"><\/i> CARLOS ANDR\u00c9S GIRALDO BUITRAGO<\/a><\/h3><div class=\"kc_accordion_content ui-accordion-content kc_clearfix\"><div class=\"kc-panel-body\">Empty section. Edit page to add content here.<\/div><\/div><\/div><div class=\"kc-elm kc-css-40328 kc_accordion_section group \"><h3 class=\"kc_accordion_header ui-accordion-header\"><span class=\"ui-accordion-header-icon ui-icon\"><\/span><a href=\"#actual-julian-fernandez-botero\" data-prevent=\"scroll\"><i class=\"\"><\/i> Actual: JULI\u00c1N FERN\u00c1NDEZ BOTERO<\/a><\/h3><div class=\"kc_accordion_content ui-accordion-content kc_clearfix\"><div class=\"kc-panel-body\">Empty section. Edit page to add content here.<\/div><\/div><\/div><\/div>\n<div data-open-on-mouseover=\"\" data-tab-active=\"1\" data-effect-option=\"\" class=\"kc-elm kc-css-606714 kc_tabs group\">\n\t<div class=\"kc_wrapper ui-tabs kc_clearfix\">\n\t\t<ul class=\"kc_tabs_nav ui-tabs-nav kc_clearfix\">\n\t\t\t<li><a href=\"#\" data-prevent=\"scroll\"><i class=\"fa-star\"><\/i> MISI\u00d3N<\/a><\/li><li><a href=\"#\" data-prevent=\"scroll\"><i class=\"sl-paper-plane\"><\/i> VISI\u00d3N<\/a><\/li><li><a href=\"#\" data-prevent=\"scroll\"><i class=\"et-pencil\"><\/i> VALORES INSTITUCIONALES<\/a><\/li>\t\t<\/ul>\n\t\t<div id=\"mision\" class=\"kc-elm kc-css-229581 kc_tab ui-tabs-panel kc_ui-tabs-hide kc_clearfix \"><div class=\"kc_tab_content\"><div class=\"kc-elm kc-css-699822 kc_text_block\"><\/p>\n<p><span style=\"color: #666666; font-family: 'Helvetica Neue', 'Gill Sans', Arial, sans-serif;\">Servir y proteger a los adultos mayores a trav\u00e9s de programas y servicios de atenci\u00f3n integral que les garanticen calidad de vida, dignidad y respeto con apoyo de parte de la familia y la comunidad.<\/span><\/p>\n<p>\n<\/div><\/div><\/div><div id=\"vision\" class=\"kc-elm kc-css-90219 kc_tab ui-tabs-panel kc_ui-tabs-hide kc_clearfix \"><div class=\"kc_tab_content\"><div class=\"kc-elm kc-css-945891 kc_text_block\"><\/p>\n<p><span style=\"color: #666666; font-family: 'Helvetica Neue', 'Gill Sans', Arial, sans-serif;\">Ser una instituci\u00f3n sin fines de lucro confiable, eficiente y sostenible que promueve los derechos y deberes de los adultos mayores a trav\u00e9s de acciones que les garanticen una vida digna, saludable y segura.<\/span><\/p>\n<p>\n<\/div><\/div><\/div><div id=\"valores-institucionales\" class=\"kc-elm kc-css-28011 kc_tab ui-tabs-panel kc_ui-tabs-hide kc_clearfix \"><div class=\"kc_tab_content\"><div class=\"kc-elm kc-css-359298 kc_text_block\"><\/p>\n<p><span style=\"color: #666666; font-family: 'Helvetica Neue', 'Gill Sans', Arial, sans-serif;\">Solidaridad \u2022 Credibilidad \u2022 Respeto \u2022 Justicia \u2022 Compromiso \u2022 Espiritualidad<\/span><\/p>\n<p>\n<\/div><\/div><\/div>\t<\/div>\n<\/div>\n\n\n<\/div><\/div><\/div><\/div><\/section><\/p>\n","protected":false},"excerpt":{"rendered":"","protected":false},"author":1,"featured_media":0,"parent":0,"menu_order":0,"comment_status":"closed","ping_status":"closed","template":"","meta":{"footnotes":""},"class_list":["post-429","page","type-page","status-publish","hentry"],"_links":{"self":[{"href":"https:\/\/sociedadsanvicentesantarosa.org\/index.php?rest_route=\/wp\/v2\/pages\/429","targetHints":{"allow":["GET"]}}],"collection":[{"href":"https:\/\/sociedadsanvicentesantarosa.org\/index.php?rest_route=\/wp\/v2\/pages"}],"about":[{"href":"https:\/\/sociedadsanvicentesantarosa.org\/index.php?rest_route=\/wp\/v2\/types\/page"}],"author":[{"embeddable":true,"href":"https:\/\/sociedadsanvicentesantarosa.org\/index.php?rest_route=\/wp\/v2\/users\/1"}],"replies":[{"embeddable":true,"href":"https:\/\/sociedadsanvicentesantarosa.org\/index.php?rest_route=%2Fwp%2Fv2%2Fcomments&post=429"}],"version-history":[{"count":21,"href":"https:\/\/sociedadsanvicentesantarosa.org\/index.php?rest_route=\/wp\/v2\/pages\/429\/revisions"}],"predecessor-version":[{"id":569,"href":"https:\/\/sociedadsanvicentesantarosa.org\/index.php?rest_route=\/wp\/v2\/pages\/429\/revisions\/569"}],"wp:attachment":[{"href":"https:\/\/sociedadsanvicentesantarosa.org\/index.php?rest_route=%2Fwp%2Fv2%2Fmedia&parent=429"}],"curies":[{"name":"wp","href":"https:\/\/api.w.org\/{rel}","templated":true}]}}

<p><section class="kc-elm kc-css-903786 kc_row"><div class="kc-row-container  kc-container"><div class="kc-wrap-columns"><div class="kc-elm kc-css-94278 kc_column kc_col-sm-12"><div class="kc-col-container"><div class="kc-elm kc-css-483122 kc-animated kc-animate-eff-fadeIn kc_text_block"></p>
<p style="text-align: justify;"><span style="font-weight: 400;">El primer presidente de la Sociedad San Vicente de Paúl y benefactor hasta el día de su </span><span style="font-style: inherit; text-align: justify;">muerte el Sr LUIS MARÍA MEJÍA JARAMILLO. Oriundo de la Ceja (Antioquia), residente de esta localidad, con su consigna de hacer el bien y ayudar a los más desprotegidos de Santa Rosa de Cabal, se reunió con varias personalidades entre ellos los sacerdote vicentinos, encabezados por FRANCISCO A HERNÁNDEZ, para este entonces rector de la escuela apostólica que junto con el Sr JOSÉ VILLANUEVA Z. se pusieron en la tarea de fundar la Sociedad San Vicente de Paúl en el segundo semestre del año 1907.</span></p>
<p style="text-align: justify;"><span style="font-weight: 400;">Con el transcurrir del tiempo la Sociedad fue adquiriendo lotes y solares con el objeto de construir viviendas para las familias más necesitadas, con ayuda de convites que se realizaban los días jueves se sacó adelante este proyecto.</span></p>
<p style="text-align: justify;"><span style="font-weight: 400;">Se escogieron como promotores y pioneros de diferentes actividades de recolección de fondos entre las que se destacan la rifa de una vaca (donada por los comerciantes y benefactores) a los Sr LUIS MEJÍA Y AL DR. JAIME ISAZA.</span></p>
<p><img loading="lazy" decoding="async" class="alignleft" src="https://sociedadsanvicentesantarosa.org/wp-content/uploads/2018/05/fundadora.jpg" alt="FUNDADORA" width="173" height="276" /></p>
<p style="text-align: justify;"><span style="font-weight: 400;">A principios de la década de los 80 el municipio contaba solo con un Albergue para adultos mayores el cual era administrado por el Club de Leones, el sostenimiento era costoso y el número de adultos mayores desamparados aumentaba cada día más; la Sra. OLIVIA VELÁSQUEZ DE MURILLO preocupada por esta situación de los adultos mayores, se propuso una meta: construir el albergue con el nombre de Sagrado Corazón de Jesús; para esto, se reunió con el Sr HERMENEGILDO MONTOYA Cariñosamente llamado “GILDO”,  en ese entonces presidente de la sociedad San Vicente de Paúl, se reunieron y convocaron personas para colaborar con esta linda labor, fue entonces como llamaron a las Señoras ORFELINA GIRALDO, ROSA ÁNGEL DE FLORES, ROSALBA GÓMEZ, FLOR ELISA MARTÍNEZ y el Sr PEDRO LUIS PULGARIN, todos ellos personas de reconocida honorabilidad, y otras caritativas ya fallecidas se empezó la construcción con recursos propios de la sociedad y auxilios, se fueron constituyendo y fundando las conferencias.</span></p>
<p style="text-align: justify;"><span style="font-weight: 400;">Después de la primera que se fundó en el año de 1909 con personería jurídica No 870 con NIt 891.408283-3 llamada Santa Rosa de lima; posteriormente, por iniciativa de los mismos vicentinos, fueron fundando nuevas conferencias; San Pedro Claver 1977, Federico Ozanam 1985, Nuestra Señora de las Mercedes, El Divino Maestro 1983, Nuestra Señora del Monte Carmelo 1983 y la última en constituirse la del Sagrado Corazón en el año de 1992.</span></p>
<p style="text-align: justify;"><span style="font-weight: 400;">Después de numerosos obstáculos y contratiempos se terminó de construir el albergue, el cual se bautizó Albergue Sagrado Corazón de Jesús en el año de 1985. Convir</span>tiéndose así en la obra vicentina más importante por muchos años.</p>
<p style="text-align: justify;"><span style="font-weight: 400;">Como directora se designó a la Sra. OLIVIA VELÁSQU</span>EZ DE MURILLO; como reconocimiento a su tenacidad e incansable labor con los más necesitados, adultos mayores desprotegidos del municipio.</p>
<p>
</div></div></div></div></div></section><section class="kc-elm kc-css-369272 kc_row"><div class="kc-row-container  kc-container"><div class="kc-wrap-columns"><div class="kc-elm kc-css-749500 kc_col-sm-12 kc_column kc_col-sm-12"><div class="kc-col-container"><div data-closeall="true" class="kc-elm kc-css-456408 kc-animated kc-animate-eff-fadeInUp kc_accordion_wrapper">
    <h3 class="kc-accordion-title">PRESIDENTES QUE HAN PASADO POR LA SOCIEDAD </h3>
<div class="kc-elm kc-css-21650 kc_accordion_section group "><h3 class="kc_accordion_header ui-accordion-header"><span class="ui-accordion-header-icon ui-icon"></span><a href="#hermenegildo-montoya" data-prevent="scroll"><i class=""></i> HERMENEGILDO MONTOYA</a></h3><div class="kc_accordion_content ui-accordion-content kc_clearfix"><div class="kc-panel-body">Empty section. Edit page to add content here.</div></div></div><div class="kc-elm kc-css-449045 kc_accordion_section group "><h3 class="kc_accordion_header ui-accordion-header"><span class="ui-accordion-header-icon ui-icon"></span><a href="#regina-rojas-salgado" data-prevent="scroll"><i class=""></i> REGINA ROJAS SALGADO</a></h3><div class="kc_accordion_content ui-accordion-content kc_clearfix"><div class="kc-panel-body">Empty section. Edit page to add content here.</div></div></div><div class="kc-elm kc-css-198139 kc_accordion_section group "><h3 class="kc_accordion_header ui-accordion-header"><span class="ui-accordion-header-icon ui-icon"></span><a href="#flor-elisa-martinez" data-prevent="scroll"><i class=""></i> FLOR ELISA MARTÍNEZ</a></h3><div class="kc_accordion_content ui-accordion-content kc_clearfix"><div class="kc-panel-body">Empty section. Edit page to add content here.</div></div></div><div class="kc-elm kc-css-293542 kc_accordion_section group "><h3 class="kc_accordion_header ui-accordion-header"><span class="ui-accordion-header-icon ui-icon"></span><a href="#carlos-andres-giraldo-buitrago" data-prevent="scroll"><i class=""></i> CARLOS ANDRÉS GIRALDO BUITRAGO</a></h3><div class="kc_accordion_content ui-accordion-content kc_clearfix"><div class="kc-panel-body">Empty section. Edit page to add content here.</div></div></div><div class="kc-elm kc-css-40328 kc_accordion_section group "><h3 class="kc_accordion_header ui-accordion-header"><span class="ui-accordion-header-icon ui-icon"></span><a href="#actual-julian-fernandez-botero" data-prevent="scroll"><i class=""></i> Actual: JULIÁN FERNÁNDEZ BOTERO</a></h3><div class="kc_accordion_content ui-accordion-content kc_clearfix"><div class="kc-panel-body">Empty section. Edit page to add content here.</div></div></div></div>
<div data-open-on-mouseover="" data-tab-active="1" data-effect-option="" class="kc-elm kc-css-606714 kc_tabs group">
	<div class="kc_wrapper ui-tabs kc_clearfix">
		<ul class="kc_tabs_nav ui-tabs-nav kc_clearfix">
			<li><a href="#" data-prevent="scroll"><i class="fa-star"></i> MISIÓN</a></li><li><a href="#" data-prevent="scroll"><i class="sl-paper-plane"></i> VISIÓN</a></li><li><a href="#" data-prevent="scroll"><i class="et-pencil"></i> VALORES INSTITUCIONALES</a></li>		</ul>
		<div id="mision" class="kc-elm kc-css-229581 kc_tab ui-tabs-panel kc_ui-tabs-hide kc_clearfix "><div class="kc_tab_content"><div class="kc-elm kc-css-699822 kc_text_block"></p>
<p><span style="color: #666666; font-family: 'Helvetica Neue', 'Gill Sans', Arial, sans-serif;">Servir y proteger a los adultos mayores a través de programas y servicios de atención integral que les garanticen calidad de vida, dignidad y respeto con apoyo de parte de la familia y la comunidad.</span></p>
<p>
</div></div></div><div id="vision" class="kc-elm kc-css-90219 kc_tab ui-tabs-panel kc_ui-tabs-hide kc_clearfix "><div class="kc_tab_content"><div class="kc-elm kc-css-945891 kc_text_block"></p>
<p><span style="color: #666666; font-family: 'Helvetica Neue', 'Gill Sans', Arial, sans-serif;">Ser una institución sin fines de lucro confiable, eficiente y sostenible que promueve los derechos y deberes de los adultos mayores a través de acciones que les garanticen una vida digna, saludable y segura.</span></p>
<p>
</div></div></div><div id="valores-institucionales" class="kc-elm kc-css-28011 kc_tab ui-tabs-panel kc_ui-tabs-hide kc_clearfix "><div class="kc_tab_content"><div class="kc-elm kc-css-359298 kc_text_block"></p>
<p><span style="color: #666666; font-family: 'Helvetica Neue', 'Gill Sans', Arial, sans-serif;">Solidaridad • Credibilidad • Respeto • Justicia • Compromiso • Espiritualidad</span></p>
<p>
</div></div></div>	</div>
</div>


</div></div></div></div></section></p>
